f?
1
Suppose 4*d = 4*t + 132, -4*d + 3*t + 137 = 11. Suppose 0 = 5*j - j - 392. Calculate the remainder when j is divided by d.
17
Let k = 13716 + -13702. Calculate the remainder when 124 is divided by k.
12
Suppose i = 5, 3*i - 320 = -8*s + 3*s. What is the remainder when 183 is divided by s?
0
Let f be (280/112)/((-10)/(-4)) + 4. Let o(c) = 2*c**3 - 10*c**2 + 7*c + 1. Calculate the remainder when 611 is divided by o(f).
35
Suppose -2262*p - 12520 = -2302*p. What is the remainder when p is divided by 52?
1
Suppose 11*i = 35*i + 330 - 1146. What is the remainder when 386 is divided by i?
12
Suppose 5*c = 4*c + 77. Let k(q) = -250*q + 3273. What is the remainder when c is divided by k(13)?
8
Let j be 60/(-100) + 2 + 12/(-5). What is the remainder when 232 is divided by (-8)/40 + j/(-10)*142?
8
Let s = 332 + -215. Suppose 5*r = -t + 57, -3*r = -5*t + s + 84. What is the remainder when t is divided by 32?
10
Let l(n) = n**2 - 8*n - 24. Let h be l(10). Let m be (-119)/35 - (h/10)/1. Calculate the remainder when 29 is divided by m - ((-1)/2)/((-7)/(-154)).
5
Let p be (3 - (-3 - 1039)) + -1. Suppose -5*o + o + p = 0. Suppose -o - 63 = -6*t. Calculate the remainder when t is divided by 14.
12
Let o(d) = -2*d**3 + 21*d**2 + 3*d - 87. What is the remainder when o(10) is divided by 36?
7
Let t(h) = h**3 + 5*h**2 - 7*h + 3. Let g be 18/15*(-1 + 7 + -1). Calculate the remainder when (g/4)/((456/448)/19) is divided by t(-6).
1
What is the remainder when (-3)/15 - 41832/(-35) is divided by 15?
10
Let b(m) = -2*m**3 + 17*m**2 + 208*m - 16. What is the remainder when b(-7) is divided by (-1)/(0 - 1) + 1?
1
Let g(u) = -u**3 + 11*u**2 + 24*u + 67. Calculate the remainder when 359 is divided by g(13).
31
Let m(s) = s**3 - 13*s**2 - 10*s + 16. Let t(o) = o**3 + 12*o**2 + o + 43. Calculate the remainder when m(14) is divided by t(-12).
10
Let v be 768/21 - 4/7. Let l = 59 - v. Suppose -2*c + 0*j = -3*j - l, 3*c - 42 = -3*j. Calculate the remainder when 37 is divided by c.
11
Let w = -14 - -40. Let l(s) = -2*s**3 - 3*s - 5. Let r be l(-2). Suppose r*f + 7 = 18*f. Calculate the remainder when w is divided by f.
5
Let a = -148 - -152. Let i be (a/16)/((-7)/(-756)). Suppose -i*o - 25 = -28*o. What is the remainder when o is divided by 14?
11
Suppose -t = 7, 3*t - 171 = -8*a + 5*a. Calculate the remainder when 256 is divided by a.
0
Let l(v) = 9*v - 11. Suppose 5*p + 5*j - 59 = -9, 0 = -4*p + 5*j + 40. What is the remainder when l(p) is divided by ((-24)/(-10))/((-9)/(-60))?
15
Suppose w + 12 = -2*i + 7, -11 = 5*i + 3*w. What is the remainder when 49 is divided by (6 + i/12)/(2/6)?
15
Let b = -9 + 12. Suppose -b*o = -158 - 85. Suppose 79*f - 48*f = 1302. What is the remainder when o is divided by f?
39
Let h(g) = -1523*g - 2879. What is the remainder when 350 is divided by h(-2)?
16
Suppose -3*j + s - 151 = -460, 412 = 4*j - 4*s. What is the remainder when j is divided by 42?
19
Suppose 28*r - 21 = 25*r. Suppose -4*k + r = -21. Suppose 4*p + 5*h - 65 = 0, -6 = -p + 2*h + k. What is the remainder when 43 is divided by p?
13
Let x = -1 + 8. Suppose -4*o - b + x - 34 = 0, 2*o = b - 21. What is the remainder when 28 is divided by 24/3 + 2/o*0?
4
Let u(c) = c**3 + 29*c**2 - 3*c - 43. Suppose 10*p - 15*p - 5*o = -95, o + 50 = 2*p. Calculate the remainder when u(-29) is divided by p.
21
Suppose 30*g - 33*g = -4*r - 202, 2*g + r - 153 = 0. Suppose 399 = 12*t + 9*t. What is the remainder when g is divided by t?
17
Let p(x) = 141*x**3 - x**2 + 16*x - 17. Calculate the remainder when p(1) is divided by 53.
33
Suppose -537*q + 204 = -534*q. Suppose -2*b = 58 - q. Let u = -5 + 22. What is the remainder when u is divided by b?
2
Let k(i) = 58*i**3 - i + 1. What is the remainder when k(1) is divided by 20/90 - (1780/75)/(72/(-60))?
18
Let t(p) = 41*p + 12. Let b be t(4). Let l be (-9)/(36/16)*20/(-2). What is the remainder when 32 is divided by b/l - (-6)/10?
2
Let o = -333 - -331. Calculate the remainder when 233 is divided by ((-12)/4)/(o + (-364)/(-188)).
45
Let u be (18 - 21)*(51/(-18) - -3)*2. Suppose -15 + 5 = q. What is the remainder when 58 is divided by u/4*q*6?
13
Let u = 2182 + -1102. Suppose -52*y + 12*y + u = 0. Calculate the remainder when y is divided by ((-5)/4)/(1/(-4)).
2
Suppose 468 - 28 = 5*c. Let l = c + -36. What is the remainder when 101 is divided by l?
49
Suppose -44*y + 49*y + 117 = 3*o, 4*o - 156 = 4*y. Let k(l) = 18*l**2 - 7. What is the remainder when k(3) is divided by o?
38
Let l = -3101 - -3107. What is the remainder when 3153 is divided by l?
3
Let i(h) = 2*h**3 - 166*h**2 + 7*h + 536. What is the remainder when i(83) is divided by 1113?
4
Let s be 57*(1/(-1))/3. Let o(l) = -l**3 - 19*l**2 - 4*l - 53. What is the remainder when 62 is divided by o(s)?
16
Let c be (-4)/(-1) - (1 - 1). Let w = -9 + 13. Suppose -3*a + 30 = -0*v - c*v, -2*a + w*v = -20. Calculate the remainder when a is divided by 6.
4
Calculate the remainder when ((-395)/(-25))/((-7 + 4)/(-15)) is divided by 5 - 8/2 - -18.
3
Let p(x) = 2*x**3 + 42*x**2 + 66*x + 50. What is the remainder when 1916 is divided by p(-19)?
236
Suppose 17*q + 108*q - 6165 + 790 = 0. Calculate the remainder when 2319 is divided by q.
40
What is the remainder when 5631 is divided by 2/(-2)*-126 + 6/3?
127
Let k = 870 + -788. Suppose -81*m - 27 = -k*m. Suppose -6*v + 2*v = 4*u - 408, u + 2*v = 103. What is the remainder when u is divided by m?
20
Let n(w) = -2*w**3 - 52*w**2 + 21*w - 121. Calculate the remainder when n(-27) is divided by 43.
39
Let h(z) = 4 - z**3 - z + 5*z**2 + 0*z + 2*z. Suppose 126*i - 352 = 213 - 61. Calculate the remainder when h(i) is divided by 13.
11
Let o be 6/(-5)*(-4 + -1). Suppose 5800 = -o*j + 11*j. What is the remainder when (4 - 2)/((-4)/j*-5) is divided by 39?
38
Suppose 0 = -14*o + 12*o + 36. Let p = 121 - 9. Let x = 147 - p. What is the remainder when x is divided by o?
17
Let p be 17/5 + 8/(-20). Suppose 10 + 20 = 4*i + p*m, -3*m + 36 = 5*i. Suppose -168*y - 105 = -340*y + 165*y. What is the remainder when y is divided by i?
3
Suppose -31*j + 18398 + 4051 = 3198. Calculate the remainder when j is divided by 125.
121
Let z = -11915 - -11956. What is the remainder when 644 is divided by z?
29
Suppose 32*c - 10 = 27*c, 4*c = -4*p + 288. Calculate the remainder when 81 is divided by p.
11
Suppose 0 = -d - 0*d + 277. Let z(k) = -73*k + 315. Let y be z(-17). Suppose 55*x - y - 149 = 0. What is the remainder when d is divided by x?
29
Suppose 162*y - 740 = 142*y. What is the remainder when y is divided by 34?
3
Let m be (5/(1 + (-6)/4))/(-2). Suppose m - 3 = w. Let z(y) = 4*y**2 + 5*y - 2. Calculate the remainder when z(w) is divided by 5.
4
Let z(r) = -r**3 + 12*r**2 + 13*r + 23. Let k be z(13). Let j(d) = 0*d**2 - k + 24 + 2*d + d**2. Calculate the remainder when 13 is divided by j(1).
1
Calculate the remainder when 288 - (4/(-14) - 1/(70/(-230))) is divided by 76.
57
What is the remainder when ((-139)/6)/(-57 - (-10250)/180) is divided by (31 - -1) + 3/1?
32
Let p = -7652 - -7686. Calculate the remainder when 58 is divided by p.
24
Let u = -9151 - -9155. What is the remainder when 537 is divided by u?
1
Let u(l) = l**3 - 7*l**2 - 3*l - 6. Let n be u(7). What is the remainder when n/(-63) - 753/(-7) is divided by (-15)/10*((-740)/(-6))/(-5)?
34
Let m(w) = -w**2 + 27*w - 109. Let u be ((-1)/(-1))/((76/(-72))/(-19)). Suppose 5*x + 113 = 638. What is the remainder when x is divided by m(u)?
52
Let h(i) = i**2 + 4*i - 9. Let j = -12 - -6. Let z be h(j). Suppose -2*p = 6, -z*a + 3*p + 20 = 8. Calculate the remainder when 1 is divided by a.
0
Suppose 3*l + a = 15, 13*a = 15*a. Suppose 6 = -l*x + 2*x, 2*n - 56 = -5*x. Calculate the remainder when 97 is divided by n.
31
Suppose 58*w = 45*w + 663. Let f = 163 - -38. Calculate the remainder when f is divided by w.
48
Let b(v) be the third derivative of v**5/60 + v**3/6 + 7*v**2. Let z(n) = -7*n - 12. Calculate the remainder when b(8) is divided by z(-5).
19
Let k(o) be the second derivative of 41*o**3/6 - 59*o**2 - 63*o. Calculate the remainder when k(4) is divided by 7.
4
Suppose -g - 4 = -3*h, 14*h - 34 = -4*g + 16*h. Let r(z) = -z**3 + 11*z**2 - z + 21. Calculate the remainder when r(g) is divided by 5.
0
Let h = 14582 - 14395. What is